{"id":117,"date":"2020-06-17T12:25:51","date_gmt":"2020-06-17T10:25:51","guid":{"rendered":"http:\/\/www.gitesdesdixvins.com\/?page_id=117"},"modified":"2023-08-19T22:44:41","modified_gmt":"2023-08-19T20:44:41","slug":"tarifs","status":"publish","type":"page","link":"https:\/\/www.gitesdesdixvins.com\/?page_id=117","title":{"rendered":"Tarifs"},"content":{"rendered":"\n<p class=\"has-text-align-right\"><em>(taxes de s\u00e9jour comprises)<\/em><strong>&nbsp;&nbsp; &nbsp;&nbsp;&nbsp; &nbsp;&nbsp;&nbsp; &nbsp;&nbsp;&nbsp; &nbsp;&nbsp;&nbsp; &nbsp;&nbsp;&nbsp; &nbsp;&nbsp;&nbsp; &nbsp;&nbsp;&nbsp; &nbsp;&nbsp;&nbsp; &nbsp;&nbsp;&nbsp; &nbsp;&nbsp;&nbsp; &nbsp;&nbsp;&nbsp; &nbsp;&nbsp;&nbsp; &nbsp;&nbsp;&nbsp; &nbsp;&nbsp;&nbsp; &nbsp;&nbsp;&nbsp; &nbsp;&nbsp;&nbsp; &nbsp;&nbsp;&nbsp; &nbsp;&nbsp; <\/strong>&nbsp;Semaine &nbsp; Nuit*<\/p>\n\n\n\n<figure class=\"wp-block-table\"><table><tbody><tr><td>Haute saison (Juillet-Ao\u00fbt \u2013 D\u00e9cembre)<\/td><td>580\u20ac<\/td><td>&nbsp;90\u20ac<\/td><\/tr><tr><td>Moyenne saison (Avril \u2013 Mai \u2013 Juin \u2013 Septembre \u2013 Octobre)<\/td><td>480\u20ac<\/td><td>&nbsp;75\u20ac<\/td><\/tr><tr><td>Basse saison (Janvier \u2013 F\u00e9vrier \u2013 Mars \u2013 Novembre)<\/td><td>400\u20ac<\/td><td>\u00a065\u20ac<\/td><\/tr><\/tbody><\/table><\/figure>\n\n\n\n<p>*Nous acceptons les r\u00e9servations pour 2 nuits minimum<\/p>\n\n\n\n<figure class=\"wp-block-table\"><table><tbody><tr><td>Forfait m\u00e9nage en fin de s\u00e9jour<\/td><td>50\u20ac<\/td><\/tr><\/tbody><\/table><\/figure>\n\n\n\n<p>Ces tarifs s\u2019entendent \u00e0 la semaine du samedi au samedi et comprennent l\u2019acc\u00e8s \u00e0 la piscine et au sauna entre 10h et 19h ainsi que les draps et les serviettes. L\u2019heure d\u2019arriv\u00e9e est pr\u00e9vue pour 16h et l\u2019heure de d\u00e9part pour 10h. Le forfait m\u00e9nage est obligatoire en fin de s\u00e9jour.Les animaux sont admis pour un forfait de 30\u20ac par s\u00e9jour peu importe la dur\u00e9e. Un\u00a0d\u00e9p\u00f4t\u00a0de garantie de 200\u20ac vous sera demand\u00e9 \u00e0 votre arriv\u00e9e et restitu\u00e9 \u00e0 votre d\u00e9part.<\/p>\n\n\n\n<h4 class=\"wp-block-heading\"><strong><em>Modalit\u00e9s de r\u00e9servation :<\/em><\/strong> &nbsp; <\/h4>\n\n\n\n<p>Pour r\u00e9server votre s\u00e9jour, merci de nous contacter (\u00e0 votre convenance, suivant l\u2019un des outils propos\u00e9 dans l\u2019onglet \u00ab&nbsp;Informations\/contacts&nbsp;\u00bb). Nous vous ferons parvenir le contrat ainsi que les conditions de r\u00e9servation soit par mail soit par courrier. Vous pouvez aussi t\u00e9l\u00e9charger les diff\u00e9rents documents en cliquant sur les liens ci dessous et nous les faire parvenir \u00e0 votre convenance. <\/p>\n\n\n\n<p>Afin de conclure votre r\u00e9servation, il vous est demand\u00e9 de nous retourner le contrat compl\u00e9t\u00e9 et sign\u00e9, ainsi que des arrhes de 25% du montant de la location.<\/p>\n\n\n\n<p>Si vous r\u00e9glez votre r\u00e9servation sur place, nous n&rsquo;acceptons plus les ch\u00e8ques. Les moyens de r\u00e8glement accept\u00e9s sont : ch\u00e8ques vacances ANCV, carte bancaire ou esp\u00e8ces.<\/p>\n\n\n\n<h4 class=\"wp-block-heading\">Documents li\u00e9s \u00e0 la location : <\/h4>\n\n\n\n<p><a rel=\"noreferrer noopener\" href=\"http:\/\/www.gitesdesdixvins.com\/wp-content\/uploads\/2020\/06\/Conditions-g\u00e9n\u00e9rales.pdf\" target=\"_blank\">Conditions g\u00e9n\u00e9rales<\/a> de r\u00e9servation par t\u00e9l\u00e9phone<br><a rel=\"noreferrer noopener\" href=\"http:\/\/www.gitesdesdixvins.com\/wp-content\/uploads\/2020\/06\/Description-des-g\u00eetes.pdf\" target=\"_blank\">Description des g\u00eetes<\/a><\/p>\n","protected":false},"excerpt":{"rendered":"<p>(taxes de s\u00e9jour comprises)&nbsp;&nbsp; &nbsp;&nbsp;&nbsp; &nbsp;&nbsp;&nbsp; &nbsp;&nbsp;&nbsp; &nbsp;&nbsp;&nbsp; &nbsp;&nbsp;&nbsp; &nbsp;&nbsp;&nbsp; &nbsp;&nbsp;&nbsp; &nbsp;&nbsp;&nbsp; &nbsp;&nbsp;&nbsp; &nbsp;&nbsp;&nbsp; &nbsp;&nbsp;&nbsp; &nbsp;&nbsp;&nbsp; &nbsp;&nbsp;&nbsp; &nbsp;&nbsp;&nbsp; &nbsp;&nbsp;&nbsp; &nbsp;&nbsp;&nbsp; &nbsp;&nbsp;&nbsp; &nbsp;&nbsp; &nbsp;Semaine &nbsp; Nuit* Haute saison (Juillet-Ao\u00fbt \u2013 D\u00e9cembre) 580\u20ac &nbsp;90\u20ac Moyenne saison (Avril \u2013 Mai \u2013 Juin \u2013 Septembre \u2013 Octobre) 480\u20ac &nbsp;75\u20ac Basse saison (Janvier \u2013 F\u00e9vrier \u2013 Mars \u2013 Novembre) 400\u20ac [&hellip;]<\/p>\n","protected":false},"author":1,"featured_media":0,"parent":0,"menu_order":0,"comment_status":"closed","ping_status":"closed","template":"","meta":{"tteo2020_transparent_header":false,"footnotes":""},"class_list":["post-117","page","type-page","status-publish","hentry"],"_links":{"self":[{"href":"https:\/\/www.gitesdesdixvins.com\/index.php?rest_route=\/wp\/v2\/pages\/117","targetHints":{"allow":["GET"]}}],"collection":[{"href":"https:\/\/www.gitesdesdixvins.com\/index.php?rest_route=\/wp\/v2\/pages"}],"about":[{"href":"https:\/\/www.gitesdesdixvins.com\/index.php?rest_route=\/wp\/v2\/types\/page"}],"author":[{"embeddable":true,"href":"https:\/\/www.gitesdesdixvins.com\/index.php?rest_route=\/wp\/v2\/users\/1"}],"replies":[{"embeddable":true,"href":"https:\/\/www.gitesdesdixvins.com\/index.php?rest_route=%2Fwp%2Fv2%2Fcomments&post=117"}],"version-history":[{"count":8,"href":"https:\/\/www.gitesdesdixvins.com\/index.php?rest_route=\/wp\/v2\/pages\/117\/revisions"}],"predecessor-version":[{"id":302,"href":"https:\/\/www.gitesdesdixvins.com\/index.php?rest_route=\/wp\/v2\/pages\/117\/revisions\/302"}],"wp:attachment":[{"href":"https:\/\/www.gitesdesdixvins.com\/index.php?rest_route=%2Fwp%2Fv2%2Fmedia&parent=117"}],"curies":[{"name":"wp","href":"https:\/\/api.w.org\/{rel}","templated":true}]}}