{"id":31,"date":"2020-06-17T11:21:34","date_gmt":"2020-06-17T09:21:34","guid":{"rendered":"http:\/\/www.gitesdesdixvins.com\/?page_id=31"},"modified":"2022-08-22T15:28:46","modified_gmt":"2022-08-22T13:28:46","slug":"bienvenue-aux-gites-des-dix-vins","status":"publish","type":"page","link":"https:\/\/www.gitesdesdixvins.com\/","title":{"rendered":"Bienvenue aux g\u00eetes des dix vins!"},"content":{"rendered":"\n<p>Venez plonger au c\u0153ur de l\u2019Alsace, de son vignoble et de sa culture, en famille, entre amis ou en amoureux !<\/p>\n\n\n\n<figure class=\"wp-block-image size-large\"><img loading=\"lazy\" decoding=\"async\" width=\"1024\" height=\"293\" src=\"http:\/\/www.gitesdesdixvins.com\/wp-content\/uploads\/2020\/06\/Dangolsheim-Vue-du-mont-Scharrach-1920x550-1-1024x293.jpg\" alt=\"\" class=\"wp-image-32\" srcset=\"https:\/\/www.gitesdesdixvins.com\/wp-content\/uploads\/2020\/06\/Dangolsheim-Vue-du-mont-Scharrach-1920x550-1-1024x293.jpg 1024w, https:\/\/www.gitesdesdixvins.com\/wp-content\/uploads\/2020\/06\/Dangolsheim-Vue-du-mont-Scharrach-1920x550-1-300x86.jpg 300w, https:\/\/www.gitesdesdixvins.com\/wp-content\/uploads\/2020\/06\/Dangolsheim-Vue-du-mont-Scharrach-1920x550-1-768x220.jpg 768w, https:\/\/www.gitesdesdixvins.com\/wp-content\/uploads\/2020\/06\/Dangolsheim-Vue-du-mont-Scharrach-1920x550-1-1536x440.jpg 1536w, https:\/\/www.gitesdesdixvins.com\/wp-content\/uploads\/2020\/06\/Dangolsheim-Vue-du-mont-Scharrach-1920x550-1-1200x344.jpg 1200w, https:\/\/www.gitesdesdixvins.com\/wp-content\/uploads\/2020\/06\/Dangolsheim-Vue-du-mont-Scharrach-1920x550-1.jpg 1920w\" sizes=\"auto, (max-width: 1024px) 100vw, 1024px\" \/><\/figure>\n\n\n\n<p>Nous vous proposons 2 g\u00eetes non-fumeur, d\u2019une capacit\u00e9 d\u2019accueil allant jusqu\u2019\u00e0 4 personnes chacun. Vous s\u00e9journerez au calme de la campagne, au milieu des vignes, dans un petit village d\u2019environ 700 habitants.<\/p>\n\n\n\n<p>Une v\u00e9randa et une cour avec piscine vous permettront de vous d\u00e9tendre. Un sauna est \u00e0 votre disposition si vous le souhaitez.<\/p>\n\n\n\n<p>Sa localisation, sur la route des vins, vous permettra \u00e0 la fois des promenades au calme dans les vignes ou sur piste cyclable, et un acc\u00e8s en moins de 30mn \u00e0 Strasbourg, Obernai ou Saverne.<\/p>\n\n\n\n<figure class=\"wp-block-gallery has-nested-images columns-default is-cropped wp-block-gallery-1 is-layout-flex wp-block-gallery-is-layout-flex\">\n<figure class=\"wp-block-image size-large\"><img loading=\"lazy\" decoding=\"async\" width=\"640\" height=\"427\" data-id=\"33\" src=\"http:\/\/www.gitesdesdixvins.com\/wp-content\/uploads\/2020\/06\/IMG_1229.jpg\" alt=\"\" class=\"wp-image-33\" srcset=\"https:\/\/www.gitesdesdixvins.com\/wp-content\/uploads\/2020\/06\/IMG_1229.jpg 640w, https:\/\/www.gitesdesdixvins.com\/wp-content\/uploads\/2020\/06\/IMG_1229-300x200.jpg 300w\" sizes=\"auto, (max-width: 640px) 100vw, 640px\" \/><\/figure>\n\n\n\n<figure class=\"wp-block-image size-large\"><img loading=\"lazy\" decoding=\"async\" width=\"600\" height=\"550\" data-id=\"160\" src=\"http:\/\/www.gitesdesdixvins.com\/wp-content\/uploads\/2020\/06\/2152262-600x550-1.png\" alt=\"\" class=\"wp-image-160\" srcset=\"https:\/\/www.gitesdesdixvins.com\/wp-content\/uploads\/2020\/06\/2152262-600x550-1.png 600w, https:\/\/www.gitesdesdixvins.com\/wp-content\/uploads\/2020\/06\/2152262-600x550-1-300x275.png 300w\" sizes=\"auto, (max-width: 600px) 100vw, 600px\" \/><\/figure>\n\n\n\n<figure class=\"wp-block-image size-large\"><img loading=\"lazy\" decoding=\"async\" width=\"399\" height=\"266\" data-id=\"95\" src=\"http:\/\/www.gitesdesdixvins.com\/wp-content\/uploads\/2020\/06\/piscine1.jpg\" alt=\"\" class=\"wp-image-95\" srcset=\"https:\/\/www.gitesdesdixvins.com\/wp-content\/uploads\/2020\/06\/piscine1.jpg 399w, https:\/\/www.gitesdesdixvins.com\/wp-content\/uploads\/2020\/06\/piscine1-300x200.jpg 300w\" sizes=\"auto, (max-width: 399px) 100vw, 399px\" \/><\/figure>\n<\/figure>\n\n\n\n<figure class=\"wp-block-gallery has-nested-images columns-default is-cropped wp-block-gallery-2 is-layout-flex wp-block-gallery-is-layout-flex\"><\/figure>\n\n\n\n<p>Un parking privatif vous est r\u00e9serv\u00e9 devant la maison.<\/p>\n\n\n\n<p>Un espace buanderie est \u00e0 votre disposition. Vous y trouverez une machine \u00e0 laver r\u00e9serv\u00e9e aux g\u00eetes, une table \u00e0 repasser ainsi qu\u2019un fer, et un espace pour \u00e9tendre votre linge.<\/p>\n","protected":false},"excerpt":{"rendered":"<p>Venez plonger au c\u0153ur de l\u2019Alsace, de son vignoble et de sa culture, en famille, entre amis ou en amoureux ! Nous vous proposons 2 g\u00eetes non-fumeur, d\u2019une capacit\u00e9 d\u2019accueil allant jusqu\u2019\u00e0 4 personnes chacun. Vous s\u00e9journerez au calme de la campagne, au milieu des vignes, dans un petit village d\u2019environ 700 habitants. Une v\u00e9randa [&hellip;]<\/p>\n","protected":false},"author":1,"featured_media":0,"parent":0,"menu_order":0,"comment_status":"closed","ping_status":"closed","template":"","meta":{"tteo2020_transparent_header":false,"footnotes":""},"class_list":["post-31","page","type-page","status-publish","hentry"],"_links":{"self":[{"href":"https:\/\/www.gitesdesdixvins.com\/index.php?rest_route=\/wp\/v2\/pages\/31","targetHints":{"allow":["GET"]}}],"collection":[{"href":"https:\/\/www.gitesdesdixvins.com\/index.php?rest_route=\/wp\/v2\/pages"}],"about":[{"href":"https:\/\/www.gitesdesdixvins.com\/index.php?rest_route=\/wp\/v2\/types\/page"}],"author":[{"embeddable":true,"href":"https:\/\/www.gitesdesdixvins.com\/index.php?rest_route=\/wp\/v2\/users\/1"}],"replies":[{"embeddable":true,"href":"https:\/\/www.gitesdesdixvins.com\/index.php?rest_route=%2Fwp%2Fv2%2Fcomments&post=31"}],"version-history":[{"count":4,"href":"https:\/\/www.gitesdesdixvins.com\/index.php?rest_route=\/wp\/v2\/pages\/31\/revisions"}],"predecessor-version":[{"id":285,"href":"https:\/\/www.gitesdesdixvins.com\/index.php?rest_route=\/wp\/v2\/pages\/31\/revisions\/285"}],"wp:attachment":[{"href":"https:\/\/www.gitesdesdixvins.com\/index.php?rest_route=%2Fwp%2Fv2%2Fmedia&parent=31"}],"curies":[{"name":"wp","href":"https:\/\/api.w.org\/{rel}","templated":true}]}}